at is the highest common factor of 31 and 3596?
31
Calculate the highest common factor of 4389 and 209.
209
Calculate the greatest common factor of 6 and 222.
6
What is the greatest common divisor of 468 and 36?
36
What is the highest common factor of 688 and 215?
43
Calculate the greatest common factor of 96 and 160.
32
What is the greatest common factor of 11 and 2?
1
What is the highest common divisor of 364 and 28?
28
What is the highest common factor of 38 and 133?
19
What is the greatest common divisor of 1386 and 55?
11
Calculate the highest common factor of 62 and 2.
2
What is the greatest common factor of 525 and 4515?
105
What is the greatest common divisor of 10 and 60?
10
What is the highest common divisor of 45 and 6615?
45
What is the highest common factor of 6 and 66?
6
Calculate the highest common factor of 9 and 27.
9
What is the greatest common divisor of 1035 and 46?
23
What is the highest common divisor of 1738 and 1817?
79
Calculate the greatest common divisor of 54 and 18.
18
Calculate the highest common divisor of 11 and 14872.
11
Calculate the highest common divisor of 42 and 21.
21
What is the greatest common factor of 900 and 36?
36
What is the highest common factor of 120 and 30?
30
Calculate the greatest common factor of 53 and 9.
1
What is the greatest common divisor of 3865 and 5?
5
Calculate the greatest common factor of 148 and 37.
37
What is the greatest common factor of 250 and 375?
125
What is the highest common divisor of 1950 and 3?
3
Calculate the greatest common divisor of 13 and 4.
1
What is the greatest common factor of 1860 and 60?
60
What is the highest common divisor of 24 and 192?
24
What is the highest common divisor of 180 and 135?
45
Calculate the highest common factor of 1782 and 44.
22
What is the greatest common factor of 70 and 595?
35
What is the highest common factor of 1333 and 43?
43
Calculate the highest common factor of 44 and 32.
4
Calculate the greatest common divisor of 2436 and 12.
12
What is the highest common divisor of 30 and 315?
15
What is the greatest common divisor of 17 and 544?
17
What is the greatest common factor of 13140 and 1168?
292
Calculate the highest common divisor of 1246 and 28.
14
Calculate the highest common factor of 963 and 428.
107
What is the greatest common factor of 210 and 2688?
42
Calculate the greatest common factor of 92 and 1564.
92
Calculate the highest common factor of 112 and 80.
16
What is the greatest common divisor of 640 and 1440?
160
What is the greatest common factor of 36 and 30396?
12
What is the greatest common divisor of 228 and 624?
12
Calculate the greatest common divisor of 34 and 6035.
17
What is the highest common divisor of 1098 and 61?
61
What is the greatest common divisor of 32 and 272?
16
Calculate the greatest common factor of 36 and 3072.
12
What is the greatest common factor of 246 and 30?
6
What is the highest common divisor of 94 and 1880?
94
Calculate the highest common divisor of 106 and 265.
53
Calculate the highest common divisor of 58 and 2842.
58
What is the highest common factor of 38 and 1558?
38
What is the greatest common divisor of 161 and 2555?
7
Calculate the highest common factor of 80 and 2350.
10
What is the highest common divisor of 44 and 814?
22
Calculate the highest common factor of 7728 and 16.
16
What is the greatest common factor of 38 and 76?
38
Calculate the highest common divisor of 156 and 41028.
156
What is the greatest common divisor of 2 and 1198?
2
What is the greatest common divisor of 4439 and 69?
23
What is the greatest common divisor of 6715 and 34?
17
What is the highest common divisor of 4020 and 42?
6
Calculate the highest common factor of 1 and 443.
1
Calculate the highest common divisor of 1296 and 272.
16
Calculate the greatest common factor of 390 and 255.
15
Calculate the greatest common factor of 646 and 34.
34
What is the greatest common factor of 1620 and 19035?
405
Calculate the highest common factor of 198 and 22.
22
What is the greatest common factor of 513 and 209?
19
What is the highest common factor of 282 and 18?
6
Calculate the highest common divisor of 40 and 190.
10
Calculate the greatest common divisor of 134 and 30686.
134
Calculate the highest common factor of 1271 and 3596.
31
What is the highest common divisor of 268 and 469?
67
What is the highest common divisor of 2573 and 166?
83
Calculate the greatest common factor of 100 and 210.
10
What is the greatest common factor of 258 and 344?
86
What is the greatest common factor of 40 and 1090?
10
What is the greatest common factor of 400 and 500?
100
Calculate the highest common factor of 94 and 50854.
94
What is the highest common divisor of 44 and 242?
22
Calculate the highest common factor of 27 and 297.
27
What is the greatest common divisor of 200 and 760?
40
What is the greatest common factor of 17 and 27421?
17
Calculate the highest common factor of 3 and 107.
1
What is the highest common factor of 5983 and 93?
31
Calculate the greatest common divisor of 60 and 150.
30
Calculate the highest common factor of 75 and 25.
25
What is the highest common divisor of 285 and 45?
15
What is the highest common divisor of 30840 and 120?
120
What is the greatest common divisor of 1 and 491?
1
What is the greatest common factor of 403 and 62?
31
Calculate the greatest common factor of 2 and 6.
2
What is the highest common factor of 58 and 33611?
29
What is the highest common divisor of 2 and 2258?
2
Calculate the greatest common factor of 6 and 1044.
6
What is the greatest common factor of 1027 and 442?
13
What is the highest common factor of 16 and 12688?
16
What is the greatest common divisor of 6069 and 105?
21
Calculate the highest common divisor of 9 and 18.
9
What is the greatest common divisor of 156 and 60?
12
What is the greatest common divisor of 46 and 2714?
46
Calculate the greatest common divisor of 611 and 1081.
47
What is the greatest common divisor of 63500 and 10?
10
What is the highest common divisor of 120 and 9640?
40
Calculate the highest common factor of 19 and 23218.
19
Calculate the highest common divisor of 165013 and 31.
31
What is the greatest common factor of 462 and 2730?
42
What is the highest common divisor of 560 and 120?
40
What is the highest common factor of 39 and 65?
13
Calculate the greatest common divisor of 208 and 72.
8
What is the highest common divisor of 190 and 560?
10
What is the greatest common factor of 78 and 3159?
39
Calculate the highest common divisor of 726 and 6.
6
What is the greatest common divisor of 90 and 720?
90
Calculate the greatest common divisor of 106 and 8798.
106
What is the greatest common factor of 34 and 26?
2
What is the highest common divisor of 462 and 539?
77
Calculate the greatest common divisor of 215 and 150.
5
What is the highest common divisor of 133 and 133?
133
What is the greatest common divisor of 100 and 75?
25
Calculate the highest common divisor of 1846 and 26.
26
What is the greatest common factor of 410 and 10?
10
What is the highest common divisor of 7215 and 1755?
195
What is the greatest common factor of 150 and 3675?
75
What is the greatest common factor of 3933 and 92?
23
What is the highest common factor of 3375 and 30?
15
What is the highest common divisor of 62 and 26?
2
What is the greatest common factor of 108 and 32?
4
What is the greatest common divisor of 408 and 289?
17
What is the greatest common divisor of 72 and 333?
9
What is the highest common factor of 70 and 12110?
70
What is the greatest common factor of 1170 and 190?
10
Calculate the greatest common factor of 8 and 56.
8
Calculate the highest common factor of 635 and 1778.
127
What is the highest common divisor of 70 and 210?
70
Calculate the highest common factor of 123 and 5289.
123
Calculate the greatest common divisor of 46 and 3082.
46
Calculate the greatest common factor of 1989 and 765.
153
Calculate the highest common divisor of 780 and 156.
156
Calculate the highest common divisor of 20 and 15.
5
Calculate the highest common divisor of 46400 and 8.
8
Calculate the highest common factor of 52 and 3796.
52
What is the greatest common factor of 60 and 96?
12
What is the greatest common divisor of 5439 and 294?
147
Calculate the greatest common factor of